 - 6. List the prime factors of ((-8)/u)/(3/(-9)).
2
Let b be 2*(-8)/4 + 8. Suppose b*l - 7*q - 143 = -2*q, -l = -3*q - 27. What are the prime factors of l?
2, 3, 7
Let y = 159 - 100. List the prime factors of y.
59
What are the prime factors of 3 - -1*(-2 + 30)?
31
What are the prime factors of (2/(-3) + 0)/((-2)/156)?
2, 13
Let r(z) be the first derivative of z**2/2 + 10*z - 2. Let g be r(-8). Let h(f) = 3*f**2 - f + 1. List the prime factors of h(g).
11
Let k be 4/5*(-10)/(-4). Suppose -3*r = -4*r + k. Let l = 6 - r. What are the prime factors of l?
2
Let r be (73 + -1)/2 + 0. Suppose 2*g = 4*n + r, -n - 57 + 18 = -2*g. Suppose 56 = 4*x + g. What are the prime factors of x?
3
Suppose -m + 5*c - 4*c = -15, -c = 4*m - 55. Suppose m + 4 = 3*g. Let v = g - 4. What are the prime factors of v?
2
Suppose 3*c - 23 = 1. What are the prime factors of c?
2
Suppose r = -o + 23, 5*o - r = 3*r + 106. What are the prime factors of o?
2, 11
Let g = -64 - -112. List the prime factors of g.
2, 3
What are the prime factors of (-1 - 13/(-5))*35?
2, 7
Let v(y) = -2*y**3 - 2*y. List the prime factors of v(-2).
2, 5
Let m(t) = 0*t + t**2 - 5*t + 6*t + 2 + 4. What are the prime factors of m(0)?
2, 3
Let v(r) = -r**2 - 1. Let t = -5 + 4. Let q(g) = -g**3 + 5*g**2 - g - 4. Let x(b) = t*q(b) - 4*v(b). List the prime factors of x(0).
2
Suppose -21 = -5*o + 4. Suppose -o*f = 3*n - 2 - 5, 3*n - 8 = -4*f. Suppose -2*m + n*u = -2, -3*m + 7 + 3 = u. What are the prime factors of m?
3
Let y be (-5)/(-2) + (-3)/6. Suppose y*d + 3*c - 52 = 3, -3*c + 115 = 5*d. List the prime factors of d.
2, 5
Suppose 10 = -5*q, -4*q = -2*d - 0*q + 66. List the prime factors of d.
29
Suppose 6*v + 1177 = 17*v. What are the prime factors of v?
107
Suppose -2*g - 72 = -3*b - 0*g, 2*g = 6. What are the prime factors of b?
2, 13
Let s(t) = -3*t**3 + 2*t**3 + 6*t**2 + 2*t**3. Let i be s(-6). Let h(l) = -l**2 - l + 6. What are the prime factors of h(i)?
2, 3
Let l(a) = 3 + 15 + 4 - a. Suppose 6*y + 15 = 15. What are the prime factors of l(y)?
2, 11
Suppose 3*k = 3*c + 33, 7*k - 2*k - 55 = -4*c. What are the prime factors of k?
11
Suppose i - 5*y = 64, -y - 400 = -5*i + 4*y. Suppose -2*x - x = -i. Suppose 2*z + 40 = 3*n + 3*z, -4*z + x = n. What are the prime factors of n?
2, 3
Let o = -80 + 266. What are the prime factors of o?
2, 3, 31
Let i = 28 - 18. Suppose -3*p + 6*a - a = -25, 0 = -p + 2*a + i. Suppose p = -5*t - 36 + 86. List the prime factors of t.
2, 5
List the prime factors of 96/56 + 6/21.
2
Let x = 94 + 3. List the prime factors of x.
97
Let y(t) = 4*t**2 + 6*t - 6. What are the prime factors of y(3)?
2, 3
Let m be 2/(-1 + 0) + -21. Let z = m - -35. What are the prime factors of z?
2, 3
Suppose 4*y + 1 = 13. Suppose c - y*c + 4 = 0. Suppose -c*k + 11 = -7. List the prime factors of k.
3
Suppose -6 = 4*b - x, 4*b = 5*b + 5*x - 9. Let c be 73 - (0 - b)/(-1). Suppose 21 + c = 5*r. What are the prime factors of r?
19
Suppose -2*n = 5 - 1. Let l(d) = -2*d. Let a be l(n). Suppose 2*k - 10 = 0, 40 = a*h + 4*k - 0. What are the prime factors of h?
5
Let z be ((-2)/3)/((-12)/90). Suppose f + 52 = z*f. List the prime factors of f.
13
Let q(o) = -o**2 - 17*o + 5. What are the prime factors of q(-16)?
3, 7
Let u be (76 - -2)*10/20. List the prime factors of (-1)/((-3)/u)*1.
13
Suppose 2*s - 8 = 88. Suppose 4*k + 4*c - s = 0, 30 = 2*k - 0*k + 5*c. List the prime factors of k.
2, 5
Suppose 5*f = 4*f + 57. Let h = -40 + f. Suppose 0 = -5*k + 18 + h. List the prime factors of k.
7
Suppose 1 = 3*o - 5, 4*p - 4*o - 588 = 0. What are the prime factors of p?
149
Suppose 0*b - b + 241 = -g, -2*b = 2*g - 478. Let j be (-2)/(-11) + b/11. Suppose 4*a = 6*a - j. List the prime factors of a.
11
Let t = 14 + -2. What are the prime factors of t?
2, 3
Suppose 0 = 2*p - p - 49. What are the prime factors of p?
7
Let o(y) = 5*y + 2 - 3*y + 1. List the prime factors of o(5).
13
Let l(d) = 8*d + 1. List the prime factors of l(3).
5
Suppose -7*d + 3*d - 4*p = 12, -d = 5*p + 15. Let k be -1 + (4/12)/(1/(-15)). Let o = d - k. List the prime factors of o.
2, 3
Let l be 0/(0 + -1 + 3). Suppose l = 7*h - 3*h - 56. Let p = h + -9. List the prime factors of p.
5
Suppose 2*g + 3*g - 2*m = 58, g - 13 = -m. Let l be ((-7)/((-14)/g))/2. Suppose -3*r + 39 = 3*a, -2*a = l*a + r - 57. List the prime factors of a.
11
Let b(a) = -9*a - 1. Let u be b(-1). Let w = u + -9. What are the prime factors of -3 + 11 - (w + 2)?
7
Suppose -30 - 65 = -5*y. What are the prime factors of y?
19
Let u(v) = -v**3 + 1. Let o(a) be the first derivative of -3*a**4/4 - 2*a**3/3 - a**2 + a - 2. Let y(x) = o(x) - 2*u(x). What are the prime factors of y(-2)?
3
Suppose 0 = 4*o - 0 + 4, 0 = 4*k + 5*o - 403. What are the prime factors of k?
2, 3, 17
Let v = -6 + 10. Suppose -3 = -y - 5. Let q = y + v. List the prime factors of q.
2
Let y = 10 - 7. Suppose y*q - 7*q = -64. What are the prime factors of q?
2
Let g(u) = u**3 - 5*u**2 + u - 5. Let m be g(5). Suppose m = -3*l + 15 + 21. List the prime factors of l.
2, 3
Let l(a) = -9*a + 1. List the prime factors of l(-1).
2, 5
Let x(h) = 23*h - 19. What are the prime factors of x(4)?
73
Let l be (-32)/(-3) - 2/3. Suppose 4*m = -m + l. What are the prime factors of m?
2
Let w(u) = 9*u**2 - 2*u**2 - 5*u**2 - 1 + 7*u**2 + 2*u. Let a be w(1). Let c = a + 7. List the prime factors of c.
17
Suppose 0 = -5*h + 460 - 70. Suppose -2*k - h = -4*k. What are the prime factors of k?
3, 13
Let s(o) = o**3 - 8*o**2 + 9*o + 10. Suppose -t + 7 + 0 = 0. List the prime factors of s(t).
2, 3
Suppose -4*a - 12 = -7*a. Suppose a*o + 20 = 4*z, -3 = -2*z - o + 7. What are the prime factors of z?
5
Suppose 5*d = -8 - 12, -4*q - d + 284 = 0. Suppose -4*f + q = -8. List the prime factors of f.
2, 5
Suppose -4*k - 192 = -2*n - 0*n, 5*k = 3*n - 290. List the prime factors of n.
2, 5
Suppose 5*h + 5*k - 15 = 0, 0 = -3*h + 2*k + 11 + 3. Suppose h*s - 60 = -s. What are the prime factors of s?
2, 3
Suppose 0*t - 4*t = -4. Let j = 2 - t. List the prime factors of j/(1/(-2)) - -10.
2
Let o(z) = -z**3 - 13*z**2 + 7. Let w be o(-13). Let x(g) = g**2 - 4*g - 6. List the prime factors of x(w).
3, 5
Let a be (0 - (-2 + -32)) + 2. Suppose -5*b + b = a. Let r = 3 - b. List the prime factors of r.
2, 3
Suppose 3*m + v - 113 = 68, -4*v = -4*m + 236. Suppose 8*o - 13*o = -m. List the prime factors of o.
2, 3
Suppose 0 = -r + 16 + 56. List the prime factors of (r - 19)*(-1 + 2).
53
Suppose 2*a + 2 = 16. Suppose -3*f = -a*f + 60. List the prime factors of f.
3, 5
Let f = 16 + 10. List the prime factors of f.
2, 13
Let x(q) = -q - 2. Let g be x(-2). Suppose m + 4*m - 4*v + 32 = g, 5*m - v = -23. List the prime factors of m/(-14) + 75/7.
11
Suppose -39 = -7*z + 297. List the prime factors of z.
2, 3
Let i(n) = -n**2 - 6*n - 2. Let s be i(-5). Suppose s = -0*b - b, -5*y + 2*b + 61 = 0. What are the prime factors of y?
11
Suppose 40 = -0*z + 5*z. List the prime factors of z.
2
Let y = 3 + 3. Suppose -y = -2*s - s. Suppose -s*f - 4 = -3*d + 18, 2*d = -f + 3. List the prime factors of d.
2
Let i = 114 - 64. List the prime factors of i.
2, 5
Suppose -60 - 36 = -6*p. What are the prime factors of p?
2
Let n(m) = -m**3 + m**2 - m + 25. What are the prime factors of n(0)?
5
Suppose 0 = 2*r + 2, 6*r + 46 = 4*j + 4*r. What are the prime factors of j?
11
Let t = 117 + -30. List the prime factors of t.
3, 29
List the prime factors of 2/5 + 7434/90.
83
Let c(d) = -2*d + 1. Suppose z = -5*r + 12, 0 = -r + z - 0*z. Let b be c(r). List the prime factors of (6/(-5))/(b/10).
2
Let r(t) = 76*t - 3. List the prime factors of r(1).
73
Let y(s) = 10*s**2 + 7*s - 4. Let f(r) = -10*r**2 - 8*r + 5. Let i(z) = -5*f(z) - 6*y(z). Let h be i(-1). Let m = h - -16. What are the prime factors of m?
7
Let x(q) = 4*q + 12. Let r be x(-9). Let l be (6/(-4))/(r/16). List the prime factors of 12/((-1)/(l/(-2))).
2, 3
List the prime factors of -3 - -57 - (0 + -4).
2, 29
What are the prime factors of -4 + -12*((-75)/6 + 4)?
2, 7
Let g = -5 - -3. Let o be ((-20)/3)/(g/6). Suppose -h = h - o. What are the prime factors of h?
2, 5
Let b(w) = w**3 + 11*w**2 + 23*w + 10. What are the prime factors of b(-5)?
3, 5
Suppose d + 121 = 3*p, -p + 34 = 5*d - 1. List the prime factors of p.
2, 5
Let g(s) = -17*